 the remainder when 927581 is divided by 230?
221
Calculate the remainder when 15464553 is divided by 7732257.
39
What is the remainder when 5629365 is divided by 24?
21
What is the remainder when 67720194 is divided by 5499?
9
Calculate the remainder when 63631 is divided by 47.
40
What is the remainder when 178444 is divided by 29704?
220
What is the remainder when 5364005 is divided by 3084?
929
Calculate the remainder when 31235 is divided by 1002.
173
What is the remainder when 5887317 is divided by 17?
13
What is the remainder when 12048602 is divided by 74?
70
Calculate the remainder when 2391831 is divided by 3477.
3132
Calculate the remainder when 9965248 is divided by 225.
223
What is the remainder when 730017 is divided by 454?
439
Calculate the remainder when 49352 is divided by 11806.
2128
What is the remainder when 1134291 is divided by 70?
11
What is the remainder when 10215009 is divided by 2871?
2862
Calculate the remainder when 11518425 is divided by 163.
30
What is the remainder when 16994204 is divided by 2508?
2504
Calculate the remainder when 1523081 is divided by 391.
136
Calculate the remainder when 349863 is divided by 589.
586
Calculate the remainder when 213750 is divided by 23539.
1899
What is the remainder when 20844732 is divided by 347412?
12
Calculate the remainder when 7541029 is divided by 2699.
23
Calculate the remainder when 35823666 is divided by 319854.
18
Calculate the remainder when 1682776 is divided by 295.
96
What is the remainder when 1493862 is divided by 43?
42
What is the remainder when 8637392 is divided by 191?
181
Calculate the remainder when 25742493 is divided by 1636.
33
What is the remainder when 122146 is divided by 16302?
8032
What is the remainder when 30025 is divided by 9894?
343
What is the remainder when 396988 is divided by 34?
4
What is the remainder when 5163874 is divided by 78240?
34
What is the remainder when 230340 is divided by 32855?
355
Calculate the remainder when 3466701 is divided by 29.
12
Calculate the remainder when 260737305 is divided by 6071.
6068
Calculate the remainder when 105817 is divided by 329.
208
Calculate the remainder when 1445273 is divided by 11380.
13
Calculate the remainder when 10388657 is divided by 5194312.
33
What is the remainder when 1907775 is divided by 211972?
27
Calculate the remainder when 3836637 is divided by 10454.
19
Calculate the remainder when 145367924 is divided by 372.
368
What is the remainder when 18256032 is divided by 19?
15
Calculate the remainder when 10970880 is divided by 26.
24
What is the remainder when 419800692 is divided by 56?
52
What is the remainder when 119947 is divided by 835?
542
What is the remainder when 551153 is divided by 95?
58
What is the remainder when 2127647 is divided by 531829?
331
Calculate the remainder when 2149659 is divided by 3434.
3409
What is the remainder when 12101203 is divided by 1210120?
3
Calculate the remainder when 327937 is divided by 4379.
3891
What is the remainder when 132419 is divided by 132183?
236
Calculate the remainder when 5561183 is divided by 556114.
43
Calculate the remainder when 38368 is divided by 7438.
1178
What is the remainder when 49548243 is divided by 783?
3
Calculate the remainder when 10233770 is divided by 22641.
38
Calculate the remainder when 8000039 is divided by 7999890.
149
Calculate the remainder when 77013 is divided by 76615.
398
Calculate the remainder when 468382 is divided by 66909.
19
Calculate the remainder when 2698528 is divided by 190.
148
Calculate the remainder when 10676709 is divided by 735.
99
Calculate the remainder when 2898107 is divided by 4.
3
What is the remainder when 9078 is divided by 942?
600
What is the remainder when 6572220 is divided by 118?
92
Calculate the remainder when 201283 is divided by 3944.
139
What is the remainder when 36082 is divided by 73?
20
What is the remainder when 250377 is divided by 2196?
33
What is the remainder when 22428353 is divided by 13?
12
What is the remainder when 620741 is divided by 5544?
5357
Calculate the remainder when 5967020 is divided by 1176.
1172
What is the remainder when 4500027182 is divided by 1851?
1850
What is the remainder when 580500 is divided by 4511?
3092
Calculate the remainder when 52688 is divided by 4784.
64
What is the remainder when 46255088 is divided by 162870?
8
What is the remainder when 843736 is divided by 12051?
166
What is the remainder when 5314380 is divided by 1321?
1318
Calculate the remainder when 943381 is divided by 471504.
373
Calculate the remainder when 32916 is divided by 16348.
220
What is the remainder when 14530 is divided by 4453?
1171
Calculate the remainder when 256733 is divided by 3469.
27
What is the remainder when 172132 is divided by 15390?
2842
Calculate the remainder when 47058 is divided by 15684.
6
What is the remainder when 87067 is divided by 10881?
19
Calculate the remainder when 1042138 is divided by 466.
162
What is the remainder when 570754 is divided by 756?
730
What is the remainder when 56605 is divided by 149?
134
Calculate the remainder when 95415239 is divided by 231.
227
What is the remainder when 8045281 is divided by 96931?
8
Calculate the remainder when 144664271 is divided by 4703.
4694
Calculate the remainder when 1124 is divided by 227.
216
What is the remainder when 2172493 is divided by 1163?
9
What is the remainder when 63834 is divided by 173?
170
Calculate the remainder when 4354590 is divided by 297.
273
What is the remainder when 14919 is divided by 4332?
1923
What is the remainder when 31799247 is divided by 15899594?
59
Calculate the remainder when 170711 is divided by 2101.
530
Calculate the remainder when 103182657 is divided by 1134.
1131
Calculate the remainder when 5870231 is divided by 18174.
29
What is the remainder when 3968350 is divided by 580?
570
What is the remainder when 21633189 is divided by 202?
201
What is the remainder when 1814799 is divided by 4726?
15
Calculate the remainder when 9139 is divided by 3746.
1647
What is the remainder when 385837 is divided by 3782?
73
Calculate the remainder when 38157607 is divided by 9539301.
403
What is the remainder when 48844 is divided by 3474?
208
What is the remainder when 218999 is divided by 386?
137
What is the remainder when 524469 is divided by 174646?
531
Calculate the remainder when 17522 is divided by 3907.
1894
Calculate the remainder when 1752917 is divided by 122.
21
Calculate the remainder when 74936 is divided by 9255.
896
What is the remainder when 2221746 is divided by 116?
114
What is the remainder when 9090 is divided by 233?
3
What is the remainder when 1076003 is divided by 58?
45
Calculate the remainder when 803141 is divided by 10422.
647
Calculate the remainder when 28919 is divided by 6966.
1055
Calculate the remainder when 7913049 is divided by 53.
43
What is the remainder when 156625 is divided by 2148?
1969
Calculate the remainder when 17554 is divided by 8225.
1104
Calculate the remainder when 4559698 is divided by 43.
21
Calculate the remainder when 299442 is divided by 463.
344
What is the remainder when 9457523 is divided by 528?
515
Calculate the remainder when 30592 is divided by 337.
262
What is the remainder when 504459 is divided by 84066?
63
What is the remainder when 165137 is divided by 5001?
104
Calculate the remainder when 27581122 is divided by 2927.
1
What is the remainder when 69372351 is divided by 112?
111
Calculate the remainder when 23840518 is divided by 113.
4
What is the remainder when 3589018 is divided by 1984?
1946
What is the remainder when 10101059 is divided by 17?
16
What is the remainder when 6920837 is divided by 1315?
1307
What is the remainder when 52028962 is divided by 643?
617
Calculate the remainder when 881930 is divided by 11597.
558
Calculate the remainder when 1346109 is divided by 269220.
9
What is the remainder when 1548725 is divided by 17401?
36
Calculate the remainder when 226236 is divided by 3585.
381
What is the remainder when 97170520 is divided by 10796723?
13
What is the remainder when 22187035 is divided by 6?
1
Calculate the remainder when 343668919 is divided by 116.
11
Calculate the remainder when 23827213 is divided by 31.
24
Calculate the remainder when 116